{"id":71,"date":"2020-11-15T19:03:31","date_gmt":"2020-11-15T18:03:31","guid":{"rendered":"http:\/\/gtu.sciencespo-lille.eu\/?page_id=71"},"modified":"2025-07-17T11:54:07","modified_gmt":"2025-07-17T09:54:07","slug":"contacts","status":"publish","type":"page","link":"https:\/\/gtu.sciencespo-lille.eu\/index.php\/contacts\/","title":{"rendered":"Contacts"},"content":{"rendered":"<div class=\"wp-block-image\">\n<figure class=\"aligncenter size-large is-resized\"><img fetchpriority=\"high\" decoding=\"async\" width=\"500\" height=\"500\" src=\"http:\/\/gtu.sciencespo-lille.eu\/wp-content\/uploads\/2020\/12\/Contacts-GTU.png\" alt=\"\" class=\"wp-image-244\" style=\"width:150px;height:150px\" srcset=\"https:\/\/gtu.sciencespo-lille.eu\/wp-content\/uploads\/2020\/12\/Contacts-GTU.png 500w, https:\/\/gtu.sciencespo-lille.eu\/wp-content\/uploads\/2020\/12\/Contacts-GTU-300x300.png 300w, https:\/\/gtu.sciencespo-lille.eu\/wp-content\/uploads\/2020\/12\/Contacts-GTU-150x150.png 150w\" sizes=\"(max-width: 500px) 100vw, 500px\" \/><\/figure><\/div>\n\n\n<p><strong><span style=\"color:#f38630\" class=\"has-inline-color\">Pour les questions concernant les cours, la formation et le projet professionnel :<\/span><\/strong> <strong>Fran\u00e7ois Benchendikh<\/strong><\/p>\n\n\n\n<ul class=\"wp-block-list\">\n<li>francois.benchendikh@sciencespo-lille.eu<\/li>\n\n\n\n<li>Bureau 4.26<\/li>\n\n\n\n<li>Voir le profil <a href=\"https:\/\/www.linkedin.com\/in\/fran%C3%A7ois-benchendikh-269048135\/\" target=\"_blank\" rel=\"noreferrer noopener\"><strong>LinkedIn<\/strong><\/a><\/li>\n<\/ul>\n\n\n\n<div style=\"height:30px\" aria-hidden=\"true\" class=\"wp-block-spacer\"><\/div>\n\n\n\n<p><strong><mark style=\"background-color:rgba(0, 0, 0, 0);color:#f38630\" class=\"has-inline-color\">Pour les questions concernant les modalit\u00e9s pratiques et les conditions d\u2019acc\u00e8s \u00e0 la formation <\/mark><\/strong>: <strong>Fanny Trigalez<\/strong><\/p>\n\n\n\n<ul class=\"wp-block-list\">\n<li>fanny.trigalez@sciencespo-lille.eu<\/li>\n\n\n\n<li>03 59 30 29 08<\/li>\n<\/ul>\n\n\n\n<div style=\"height:30px\" aria-hidden=\"true\" class=\"wp-block-spacer\"><\/div>\n\n\n\n<p><strong><mark style=\"background-color:rgba(0, 0, 0, 0);color:#f38630\" class=\"has-inline-color\">Pour les questions concernant l\u2019apprentissage <\/mark>:<\/strong>&nbsp;<strong>Yohan Paluszezak<\/strong><\/p>\n\n\n\n<ul class=\"wp-block-list\">\n<li>yohan.paluszezak@sciencespo-lille.eu<\/li>\n\n\n\n<li>Bureau 1.04<\/li>\n\n\n\n<li>03 20 90 42 76<\/li>\n<\/ul>\n\n\n\n<div style=\"height:30px\" aria-hidden=\"true\" class=\"wp-block-spacer\"><\/div>\n\n\n\n<p><strong><span style=\"color:#f38630\" class=\"has-inline-color\"><strong>Vous pouvez aussi contacter les \u00e9tudiants ambassadeurs de la majeure&nbsp;<\/strong><\/span> <\/strong>: <\/p>\n\n\n\n<ul class=\"wp-block-list\">\n<li>ambassadeur.gtu@sciencespo-lille.eu <\/li>\n<\/ul>\n\n\n\n<p>Les ambassadeurs de cette majeure n&rsquo;ayant pas encore \u00e9t\u00e9 nomm\u00e9s, c&rsquo;est le responsable de majeure qui est le destinataire de ce mail. <\/p>\n","protected":false},"excerpt":{"rendered":"<p>Pour les questions concernant les cours, la formation et le projet professionnel : Fran\u00e7ois Benchendikh Pour les questions concernant les modalit\u00e9s pratiques et les conditions d\u2019acc\u00e8s \u00e0 la formation : Fanny Trigalez Pour les questions concernant l\u2019apprentissage :&nbsp;Yohan Paluszezak Vous pouvez aussi contacter les \u00e9tudiants ambassadeurs de la majeure&nbsp; : Les ambassadeurs de cette majeure [&hellip;]<\/p>\n","protected":false},"author":1,"featured_media":0,"parent":0,"menu_order":0,"comment_status":"closed","ping_status":"closed","template":"","meta":{"_seopress_robots_primary_cat":"","_seopress_titles_title":"","_seopress_titles_desc":"","_seopress_robots_index":"","ocean_post_layout":"","ocean_both_sidebars_style":"","ocean_both_sidebars_content_width":0,"ocean_both_sidebars_sidebars_width":0,"ocean_sidebar":"0","ocean_second_sidebar":"0","ocean_disable_margins":"enable","ocean_add_body_class":"","ocean_shortcode_before_top_bar":"","ocean_shortcode_after_top_bar":"","ocean_shortcode_before_header":"","ocean_shortcode_after_header":"","ocean_has_shortcode":"","ocean_shortcode_after_title":"","ocean_shortcode_before_footer_widgets":"","ocean_shortcode_after_footer_widgets":"","ocean_shortcode_before_footer_bottom":"","ocean_shortcode_after_footer_bottom":"","ocean_display_top_bar":"default","ocean_display_header":"default","ocean_header_style":"","ocean_center_header_left_menu":"0","ocean_custom_header_template":"0","ocean_custom_logo":0,"ocean_custom_retina_logo":0,"ocean_custom_logo_max_width":0,"ocean_custom_logo_tablet_max_width":0,"ocean_custom_logo_mobile_max_width":0,"ocean_custom_logo_max_height":0,"ocean_custom_logo_tablet_max_height":0,"ocean_custom_logo_mobile_max_height":0,"ocean_header_custom_menu":"0","ocean_menu_typo_font_family":"0","ocean_menu_typo_font_subset":"","ocean_menu_typo_font_size":0,"ocean_menu_typo_font_size_tablet":0,"ocean_menu_typo_font_size_mobile":0,"ocean_menu_typo_font_size_unit":"px","ocean_menu_typo_font_weight":"","ocean_menu_typo_font_weight_tablet":"","ocean_menu_typo_font_weight_mobile":"","ocean_menu_typo_transform":"","ocean_menu_typo_transform_tablet":"","ocean_menu_typo_transform_mobile":"","ocean_menu_typo_line_height":0,"ocean_menu_typo_line_height_tablet":0,"ocean_menu_typo_line_height_mobile":0,"ocean_menu_typo_line_height_unit":"","ocean_menu_typo_spacing":0,"ocean_menu_typo_spacing_tablet":0,"ocean_menu_typo_spacing_mobile":0,"ocean_menu_typo_spacing_unit":"","ocean_menu_link_color":"","ocean_menu_link_color_hover":"","ocean_menu_link_color_active":"","ocean_menu_link_background":"","ocean_menu_link_hover_background":"","ocean_menu_link_active_background":"","ocean_menu_social_links_bg":"","ocean_menu_social_hover_links_bg":"","ocean_menu_social_links_color":"","ocean_menu_social_hover_links_color":"","ocean_disable_title":"default","ocean_disable_heading":"default","ocean_post_title":"","ocean_post_subheading":"","ocean_post_title_style":"","ocean_post_title_background_color":"","ocean_post_title_background":0,"ocean_post_title_bg_image_position":"","ocean_post_title_bg_image_attachment":"","ocean_post_title_bg_image_repeat":"","ocean_post_title_bg_image_size":"","ocean_post_title_height":0,"ocean_post_title_bg_overlay":0.5,"ocean_post_title_bg_overlay_color":"","ocean_disable_breadcrumbs":"default","ocean_breadcrumbs_color":"","ocean_breadcrumbs_separator_color":"","ocean_breadcrumbs_links_color":"","ocean_breadcrumbs_links_hover_color":"","ocean_display_footer_widgets":"default","ocean_display_footer_bottom":"default","ocean_custom_footer_template":"0","footnotes":""},"class_list":["post-71","page","type-page","status-publish","hentry","entry"],"_links":{"self":[{"href":"https:\/\/gtu.sciencespo-lille.eu\/index.php\/wp-json\/wp\/v2\/pages\/71","targetHints":{"allow":["GET"]}}],"collection":[{"href":"https:\/\/gtu.sciencespo-lille.eu\/index.php\/wp-json\/wp\/v2\/pages"}],"about":[{"href":"https:\/\/gtu.sciencespo-lille.eu\/index.php\/wp-json\/wp\/v2\/types\/page"}],"author":[{"embeddable":true,"href":"https:\/\/gtu.sciencespo-lille.eu\/index.php\/wp-json\/wp\/v2\/users\/1"}],"replies":[{"embeddable":true,"href":"https:\/\/gtu.sciencespo-lille.eu\/index.php\/wp-json\/wp\/v2\/comments?post=71"}],"version-history":[{"count":21,"href":"https:\/\/gtu.sciencespo-lille.eu\/index.php\/wp-json\/wp\/v2\/pages\/71\/revisions"}],"predecessor-version":[{"id":621,"href":"https:\/\/gtu.sciencespo-lille.eu\/index.php\/wp-json\/wp\/v2\/pages\/71\/revisions\/621"}],"wp:attachment":[{"href":"https:\/\/gtu.sciencespo-lille.eu\/index.php\/wp-json\/wp\/v2\/media?parent=71"}],"curies":[{"name":"wp","href":"https:\/\/api.w.org\/{rel}","templated":true}]}}